{"id":243264,"date":"2023-04-26T14:38:42","date_gmt":"2023-04-26T14:38:42","guid":{"rendered":"https:\/\/sustainablealmond.eu\/economie-circulaire\/"},"modified":"2023-07-05T09:59:50","modified_gmt":"2023-07-05T09:59:50","slug":"economie-circulaire","status":"publish","type":"page","link":"https:\/\/sustainablealmond.eu\/fr\/economie-circulaire\/","title":{"rendered":"\u00c9conomie circulaire"},"content":{"rendered":"<p>[et_pb_section fb_built=\u00a0\u00bb1&Prime; custom_padding_last_edited=\u00a0\u00bbon|tablet\u00a0\u00bb next_background_color=\u00a0\u00bb#ffffff\u00a0\u00bb admin_label=\u00a0\u00bbHeader\u00a0\u00bb _builder_version=\u00a0\u00bb4.20.4&Prime; background_color=\u00a0\u00bb#fcfaf7&Prime; background_image=\u00a0\u00bbhttps:\/\/sustainablealmond.eu\/wp-content\/uploads\/2023\/04\/header_almond_picture.png\u00a0\u00bb background_size=\u00a0\u00bbinitial\u00a0\u00bb background_position=\u00a0\u00bbtop_center\u00a0\u00bb custom_padding_tablet=\u00a0\u00bb||0vw|\u00a0\u00bb custom_padding_phone=\u00a0\u00bb\u00a0\u00bb bottom_divider_style=\u00a0\u00bbwave\u00a0\u00bb bottom_divider_height=\u00a0\u00bb80%\u00a0\u00bb bottom_divider_repeat=\u00a0\u00bb0.6x\u00a0\u00bb bottom_divider_flip=\u00a0\u00bbvertical|horizontal\u00a0\u00bb global_colors_info=\u00a0\u00bb{}\u00a0\u00bb][et_pb_row column_structure=\u00a0\u00bb1_2,1_2&Prime; _builder_version=\u00a0\u00bb4.16&Prime; custom_margin=\u00a0\u00bb100px||\u00a0\u00bb custom_margin_tablet=\u00a0\u00bb||\u00a0\u00bb custom_margin_phone=\u00a0\u00bb0px|||\u00a0\u00bb custom_margin_last_edited=\u00a0\u00bbon|tablet\u00a0\u00bb global_colors_info=\u00a0\u00bb{}\u00a0\u00bb][et_pb_column type=\u00a0\u00bb1_2&Prime; _builder_version=\u00a0\u00bb4.16&Prime; custom_padding=\u00a0\u00bb|||\u00a0\u00bb global_colors_info=\u00a0\u00bb{}\u00a0\u00bb custom_padding__hover=\u00a0\u00bb|||\u00a0\u00bb][et_pb_text _builder_version=\u00a0\u00bb4.20.4&Prime; header_font=\u00a0\u00bbRns Sanz|700|||||||\u00a0\u00bb header_text_color=\u00a0\u00bb#ad521b\u00a0\u00bb header_font_size=\u00a0\u00bb60px\u00a0\u00bb header_letter_spacing=\u00a0\u00bb1px\u00a0\u00bb header_line_height=\u00a0\u00bb1.2em\u00a0\u00bb header_font_size_tablet=\u00a0\u00bb40px\u00a0\u00bb header_font_size_phone=\u00a0\u00bb34px\u00a0\u00bb header_font_size_last_edited=\u00a0\u00bbon|phone\u00a0\u00bb header_letter_spacing_tablet=\u00a0\u00bb0px\u00a0\u00bb header_letter_spacing_phone=\u00a0\u00bb0px\u00a0\u00bb header_letter_spacing_last_edited=\u00a0\u00bbon|tablet\u00a0\u00bb global_colors_info=\u00a0\u00bb{}\u00a0\u00bb]<\/p>\n<h1>\u00c9conomie circulaire<\/h1>\n<p>[\/et_pb_text][et_pb_text _builder_version=\u00a0\u00bb4.20.4&Prime; text_font=\u00a0\u00bbRns Sanz||||||||\u00a0\u00bb text_letter_spacing=\u00a0\u00bb0.5px\u00a0\u00bb text_line_height=\u00a0\u00bb1.5em\u00a0\u00bb transform_scale_tablet=\u00a0\u00bb\u00a0\u00bb transform_scale_phone=\u00a0\u00bb\u00a0\u00bb transform_scale_last_edited=\u00a0\u00bbon|desktop\u00a0\u00bb transform_translate_tablet=\u00a0\u00bb\u00a0\u00bb transform_translate_phone=\u00a0\u00bb\u00a0\u00bb transform_translate_last_edited=\u00a0\u00bbon|desktop\u00a0\u00bb transform_rotate_tablet=\u00a0\u00bb\u00a0\u00bb transform_rotate_phone=\u00a0\u00bb\u00a0\u00bb transform_rotate_last_edited=\u00a0\u00bbon|desktop\u00a0\u00bb transform_skew_tablet=\u00a0\u00bb\u00a0\u00bb transform_skew_phone=\u00a0\u00bb\u00a0\u00bb transform_skew_last_edited=\u00a0\u00bbon|desktop\u00a0\u00bb transform_origin_tablet=\u00a0\u00bb\u00a0\u00bb transform_origin_phone=\u00a0\u00bb\u00a0\u00bb transform_origin_last_edited=\u00a0\u00bbon|desktop\u00a0\u00bb transform_styles_last_edited=\u00a0\u00bbon|desktop\u00a0\u00bb text_font_size_tablet=\u00a0\u00bb16px\u00a0\u00bb text_font_size_phone=\u00a0\u00bb14px\u00a0\u00bb text_font_size_last_edited=\u00a0\u00bbon|phone\u00a0\u00bb text_letter_spacing_tablet=\u00a0\u00bb\u00a0\u00bb text_letter_spacing_phone=\u00a0\u00bb0px\u00a0\u00bb text_letter_spacing_last_edited=\u00a0\u00bbon|tablet\u00a0\u00bb transform_styles_tablet=\u00a0\u00bb\u00a0\u00bb transform_styles_phone=\u00a0\u00bb\u00a0\u00bb global_colors_info=\u00a0\u00bb{}\u00a0\u00bb]<\/p>\n<p>Le secteur de l&rsquo;amande ib\u00e9rique <strong>tire \u00e9galement parti des sous-produits<\/strong> qu&rsquo;il g\u00e9n\u00e8re avec succ\u00e8s, ce qui est essentiel pour minimiser les d\u00e9chets et promouvoir l&rsquo;\u00e9conomie circulaire. Les usages de ces sous-produits sont tr\u00e8s vari\u00e9s.<\/p>\n<p>[\/et_pb_text][et_pb_blurb title=\u00a0\u00bbLes coques d&rsquo;amandes\u00a0\u00bb use_icon=\u00a0\u00bbon\u00a0\u00bb icon_placement=\u00a0\u00bbleft\u00a0\u00bb image_icon_width=\u00a0\u00bb90px\u00a0\u00bb content_max_width=\u00a0\u00bb800px\u00a0\u00bb image_icon_width_tablet=\u00a0\u00bb\u00a0\u00bb image_icon_width_phone=\u00a0\u00bb60px\u00a0\u00bb image_icon_width_last_edited=\u00a0\u00bbon|phone\u00a0\u00bb _builder_version=\u00a0\u00bb4.20.4&Prime; header_font=\u00a0\u00bbRns Sanz|700|||||||\u00a0\u00bb header_text_color=\u00a0\u00bb#ad521b\u00a0\u00bb header_font_size=\u00a0\u00bb26px\u00a0\u00bb body_font=\u00a0\u00bbRns Sanz||||||||\u00a0\u00bb body_font_size=\u00a0\u00bb16px\u00a0\u00bb body_line_height=\u00a0\u00bb2em\u00a0\u00bb background_color=\u00a0\u00bb#ffffff\u00a0\u00bb background_color_gradient_direction=\u00a0\u00bb-60deg\u00a0\u00bb custom_margin=\u00a0\u00bb||\u00a0\u00bb custom_padding=\u00a0\u00bb30px|30px|30px|30px|true|true\u00a0\u00bb animation=\u00a0\u00bboff\u00a0\u00bb hover_enabled=\u00a0\u00bb0&Prime; header_font_size_tablet=\u00a0\u00bb\u00a0\u00bb header_font_size_phone=\u00a0\u00bb21px\u00a0\u00bb header_font_size_last_edited=\u00a0\u00bbon|phone\u00a0\u00bb body_font_size_tablet=\u00a0\u00bb\u00a0\u00bb body_font_size_phone=\u00a0\u00bb14px\u00a0\u00bb body_font_size_last_edited=\u00a0\u00bbon|phone\u00a0\u00bb body_line_height_tablet=\u00a0\u00bb\u00a0\u00bb body_line_height_phone=\u00a0\u00bb1.8em\u00a0\u00bb body_line_height_last_edited=\u00a0\u00bbon|phone\u00a0\u00bb border_radii=\u00a0\u00bbon|6px|6px|6px|6px\u00a0\u00bb box_shadow_style=\u00a0\u00bbpreset6&Prime; box_shadow_blur=\u00a0\u00bb0px\u00a0\u00bb box_shadow_spread=\u00a0\u00bb2px\u00a0\u00bb box_shadow_color=\u00a0\u00bbrgba(0,0,0,0.1)\u00a0\u00bb image_max_width=\u00a0\u00bb90px\u00a0\u00bb image_max_width_tablet=\u00a0\u00bb\u00a0\u00bb image_max_width_phone=\u00a0\u00bb60px\u00a0\u00bb image_max_width_last_edited=\u00a0\u00bbon|phone\u00a0\u00bb locked=\u00a0\u00bboff\u00a0\u00bb global_colors_info=\u00a0\u00bb{}\u00a0\u00bb sticky_enabled=\u00a0\u00bb0&Prime;]<\/p>\n<p>Un produit id\u00e9al pour la production d&rsquo;\u00e9nergie \u00e0 partir de la biomasse et l&rsquo;un des d\u00e9chets agro-industriels les plus utilis\u00e9s, selon le guide des biocarburants publi\u00e9 en 2022 dans le cadre du projet europ\u00e9en AgroBioHeat.<\/p>\n<p>Elles repr\u00e9sentent entre 62 % et 78 % du poids total du fruit. On estime donc que la p\u00e9ninsule ib\u00e9rique g\u00e9n\u00e8re environ 314 000 tonnes de coques par an.<\/p>\n<p>D&rsquo;apr\u00e8s <a href=\"https:\/\/agrobioheat.eu\/wp-content\/uploads\/2022\/04\/agrobioheat-guia-2022-ES-small.pdf\" target=\"_blank\" rel=\"noopener\">le guide<\/a>, ces derni\u00e8res peuvent produire \u00ab un biocarburant solide et de bonne qualit\u00e9 \u00bb si elles sont stock\u00e9es correctement et soumises \u00e0 un traitement minime afin d&rsquo;homog\u00e9n\u00e9iser la taille des particules.<\/p>\n<p>[\/et_pb_blurb][et_pb_blurb title=\u00a0\u00bbLes peaux d&rsquo;amandes\u00a0\u00bb use_icon=\u00a0\u00bbon\u00a0\u00bb icon_placement=\u00a0\u00bbleft\u00a0\u00bb image_icon_width=\u00a0\u00bb90px\u00a0\u00bb content_max_width=\u00a0\u00bb800px\u00a0\u00bb image_icon_width_tablet=\u00a0\u00bb\u00a0\u00bb image_icon_width_phone=\u00a0\u00bb60px\u00a0\u00bb image_icon_width_last_edited=\u00a0\u00bbon|phone\u00a0\u00bb _builder_version=\u00a0\u00bb4.20.4&Prime; header_font=\u00a0\u00bbRns Sanz|700|||||||\u00a0\u00bb header_text_color=\u00a0\u00bb#ad521b\u00a0\u00bb header_font_size=\u00a0\u00bb26px\u00a0\u00bb body_font=\u00a0\u00bbRns Sanz||||||||\u00a0\u00bb body_font_size=\u00a0\u00bb16px\u00a0\u00bb body_line_height=\u00a0\u00bb2em\u00a0\u00bb background_color=\u00a0\u00bb#ffffff\u00a0\u00bb background_color_gradient_direction=\u00a0\u00bb-60deg\u00a0\u00bb custom_margin=\u00a0\u00bb||\u00a0\u00bb custom_padding=\u00a0\u00bb30px|30px|30px|30px|true|true\u00a0\u00bb animation=\u00a0\u00bboff\u00a0\u00bb header_font_size_tablet=\u00a0\u00bb\u00a0\u00bb header_font_size_phone=\u00a0\u00bb21px\u00a0\u00bb header_font_size_last_edited=\u00a0\u00bbon|phone\u00a0\u00bb body_font_size_tablet=\u00a0\u00bb\u00a0\u00bb body_font_size_phone=\u00a0\u00bb14px\u00a0\u00bb body_font_size_last_edited=\u00a0\u00bbon|phone\u00a0\u00bb body_line_height_tablet=\u00a0\u00bb\u00a0\u00bb body_line_height_phone=\u00a0\u00bb1.8em\u00a0\u00bb body_line_height_last_edited=\u00a0\u00bbon|phone\u00a0\u00bb border_radii=\u00a0\u00bbon|6px|6px|6px|6px\u00a0\u00bb box_shadow_style=\u00a0\u00bbpreset6&Prime; box_shadow_blur=\u00a0\u00bb0px\u00a0\u00bb box_shadow_spread=\u00a0\u00bb2px\u00a0\u00bb box_shadow_color=\u00a0\u00bbrgba(0,0,0,0.1)\u00a0\u00bb image_max_width=\u00a0\u00bb90px\u00a0\u00bb image_max_width_tablet=\u00a0\u00bb\u00a0\u00bb image_max_width_phone=\u00a0\u00bb60px\u00a0\u00bb image_max_width_last_edited=\u00a0\u00bbon|phone\u00a0\u00bb locked=\u00a0\u00bboff\u00a0\u00bb global_colors_info=\u00a0\u00bb{}\u00a0\u00bb]<\/p>\n<p>Riches en fibres, ne sont m\u00eame plus consid\u00e9r\u00e9es comme des d\u00e9chets. Elles sont de plus en plus souvent incorpor\u00e9es dans diff\u00e9rents aliments fonctionnels.<br \/>Elles permettent d&rsquo;obtenir des excipients pour les produits v\u00e9t\u00e9rinaires.<\/p>\n<p>[\/et_pb_blurb][\/et_pb_column][et_pb_column type=\u00a0\u00bb1_2&Prime; _builder_version=\u00a0\u00bb4.16&Prime; custom_padding=\u00a0\u00bb|||\u00a0\u00bb global_colors_info=\u00a0\u00bb{}\u00a0\u00bb custom_padding__hover=\u00a0\u00bb|||\u00a0\u00bb][et_pb_image src=\u00a0\u00bbhttps:\/\/sustainablealmond.eu\/wp-content\/uploads\/2023\/04\/economia_circular.png\u00a0\u00bb title_text=\u00a0\u00bbeconomia_circular\u00a0\u00bb align=\u00a0\u00bbright\u00a0\u00bb _builder_version=\u00a0\u00bb4.20.4&Prime; width_tablet=\u00a0\u00bb300px\u00a0\u00bb width_phone=\u00a0\u00bb60%\u00a0\u00bb width_last_edited=\u00a0\u00bbon|tablet\u00a0\u00bb custom_margin=\u00a0\u00bb|||\u00a0\u00bb always_center_on_mobile=\u00a0\u00bboff\u00a0\u00bb global_colors_info=\u00a0\u00bb{}\u00a0\u00bb][\/et_pb_image][\/et_pb_column][\/et_pb_row][\/et_pb_section]<\/p>\n","protected":false},"excerpt":{"rendered":"<p>\u00c9conomie circulaireLe secteur de l&rsquo;amande ib\u00e9rique tire \u00e9galement parti des sous-produits qu&rsquo;il g\u00e9n\u00e8re avec succ\u00e8s, ce qui est essentiel pour minimiser les d\u00e9chets et promouvoir l&rsquo;\u00e9conomie circulaire. Les usages de ces sous-produits sont tr\u00e8s vari\u00e9s.Un produit id\u00e9al pour la production d&rsquo;\u00e9nergie \u00e0 partir de la biomasse et l&rsquo;un des d\u00e9chets agro-industriels les plus utilis\u00e9s, selon [&hellip;]<\/p>\n","protected":false},"author":1,"featured_media":0,"parent":0,"menu_order":0,"comment_status":"closed","ping_status":"closed","template":"","meta":{"_et_pb_use_builder":"on","_et_pb_old_content":"","_et_gb_content_width":"","footnotes":""},"class_list":["post-243264","page","type-page","status-publish","hentry"],"_links":{"self":[{"href":"https:\/\/sustainablealmond.eu\/fr\/wp-json\/wp\/v2\/pages\/243264"}],"collection":[{"href":"https:\/\/sustainablealmond.eu\/fr\/wp-json\/wp\/v2\/pages"}],"about":[{"href":"https:\/\/sustainablealmond.eu\/fr\/wp-json\/wp\/v2\/types\/page"}],"author":[{"embeddable":true,"href":"https:\/\/sustainablealmond.eu\/fr\/wp-json\/wp\/v2\/users\/1"}],"replies":[{"embeddable":true,"href":"https:\/\/sustainablealmond.eu\/fr\/wp-json\/wp\/v2\/comments?post=243264"}],"version-history":[{"count":4,"href":"https:\/\/sustainablealmond.eu\/fr\/wp-json\/wp\/v2\/pages\/243264\/revisions"}],"predecessor-version":[{"id":243445,"href":"https:\/\/sustainablealmond.eu\/fr\/wp-json\/wp\/v2\/pages\/243264\/revisions\/243445"}],"wp:attachment":[{"href":"https:\/\/sustainablealmond.eu\/fr\/wp-json\/wp\/v2\/media?parent=243264"}],"curies":[{"name":"wp","href":"https:\/\/api.w.org\/{rel}","templated":true}]}}

Économie circulaire

<p>[et_pb_section fb_built= »1&Prime; custom_padding_last_edited= »on|tablet » next_background_color= »#ffffff » admin_label= »Header » _builder_version= »4.20.4&Prime; background_color= »#fcfaf7&Prime; background_image= »https://sustainablealmond.eu/wp-content/uploads/2023/04/header_almond_picture.png » background_size= »initial » background_position= »top_center » custom_padding_tablet= »||0vw| » custom_padding_phone= » » bottom_divider_style= »wave » bottom_divider_height= »80% » bottom_divider_repeat= »0.6x » bottom_divider_flip= »vertical|horizontal » global_colors_info= »{} »][et_pb_row column_structure= »1_2,1_2&Prime; _builder_version= »4.16&Prime; custom_margin= »100px|| » custom_margin_tablet= »|| » custom_margin_phone= »0px||| » custom_margin_last_edited= »on|tablet » global_colors_info= »{} »][et_pb_column type= »1_2&Prime; _builder_version= »4.16&Prime; custom_padding= »||| » global_colors_info= »{} » custom_padding__hover= »||| »][et_pb_text _builder_version= »4.20.4&Prime; header_font= »Rns Sanz|700||||||| » header_text_color= »#ad521b » header_font_size= »60px » header_letter_spacing= »1px » header_line_height= »1.2em » header_font_size_tablet= »40px » header_font_size_phone= »34px » header_font_size_last_edited= »on|phone » header_letter_spacing_tablet= »0px » header_letter_spacing_phone= »0px » header_letter_spacing_last_edited= »on|tablet » global_colors_info= »{} »]</p>
<h1>Économie circulaire</h1>
<p>[/et_pb_text][et_pb_text _builder_version= »4.20.4&Prime; text_font= »Rns Sanz|||||||| » text_letter_spacing= »0.5px » text_line_height= »1.5em » transform_scale_tablet= » » transform_scale_phone= » » transform_scale_last_edited= »on|desktop » transform_translate_tablet= » » transform_translate_phone= » » transform_translate_last_edited= »on|desktop » transform_rotate_tablet= » » transform_rotate_phone= » » transform_rotate_last_edited= »on|desktop » transform_skew_tablet= » » transform_skew_phone= » » transform_skew_last_edited= »on|desktop » transform_origin_tablet= » » transform_origin_phone= » » transform_origin_last_edited= »on|desktop » transform_styles_last_edited= »on|desktop » text_font_size_tablet= »16px » text_font_size_phone= »14px » text_font_size_last_edited= »on|phone » text_letter_spacing_tablet= » » text_letter_spacing_phone= »0px » text_letter_spacing_last_edited= »on|tablet » transform_styles_tablet= » » transform_styles_phone= » » global_colors_info= »{} »]</p>
<p>Le secteur de l&rsquo;amande ibérique <strong>tire également parti des sous-produits</strong> qu&rsquo;il génère avec succès, ce qui est essentiel pour minimiser les déchets et promouvoir l&rsquo;économie circulaire. Les usages de ces sous-produits sont très variés.</p>
<p>[/et_pb_text][et_pb_blurb title= »Les coques d&rsquo;amandes » use_icon= »on » icon_placement= »left » image_icon_width= »90px » content_max_width= »800px » image_icon_width_tablet= » » image_icon_width_phone= »60px » image_icon_width_last_edited= »on|phone » _builder_version= »4.20.4&Prime; header_font= »Rns Sanz|700||||||| » header_text_color= »#ad521b » header_font_size= »26px » body_font= »Rns Sanz|||||||| » body_font_size= »16px » body_line_height= »2em » background_color= »#ffffff » background_color_gradient_direction= »-60deg » custom_margin= »|| » custom_padding= »30px|30px|30px|30px|true|true » animation= »off » hover_enabled= »0&Prime; header_font_size_tablet= » » header_font_size_phone= »21px » header_font_size_last_edited= »on|phone » body_font_size_tablet= » » body_font_size_phone= »14px » body_font_size_last_edited= »on|phone » body_line_height_tablet= » » body_line_height_phone= »1.8em » body_line_height_last_edited= »on|phone » border_radii= »on|6px|6px|6px|6px » box_shadow_style= »preset6&Prime; box_shadow_blur= »0px » box_shadow_spread= »2px » box_shadow_color= »rgba(0,0,0,0.1) » image_max_width= »90px » image_max_width_tablet= » » image_max_width_phone= »60px » image_max_width_last_edited= »on|phone » locked= »off » global_colors_info= »{} » sticky_enabled= »0&Prime;]</p>
<p>Un produit idéal pour la production d&rsquo;énergie à partir de la biomasse et l&rsquo;un des déchets agro-industriels les plus utilisés, selon le guide des biocarburants publié en 2022 dans le cadre du projet européen AgroBioHeat.</p>
<p>Elles représentent entre 62 % et 78 % du poids total du fruit. On estime donc que la péninsule ibérique génère environ 314 000 tonnes de coques par an.</p>
<p>D&rsquo;après <a href="https://agrobioheat.eu/wp-content/uploads/2022/04/agrobioheat-guia-2022-ES-small.pdf" target="_blank" rel="noopener">le guide</a>, ces dernières peuvent produire « un biocarburant solide et de bonne qualité » si elles sont stockées correctement et soumises à un traitement minime afin d&rsquo;homogénéiser la taille des particules.</p>
<p>[/et_pb_blurb][et_pb_blurb title= »Les peaux d&rsquo;amandes » use_icon= »on » icon_placement= »left » image_icon_width= »90px » content_max_width= »800px » image_icon_width_tablet= » » image_icon_width_phone= »60px » image_icon_width_last_edited= »on|phone » _builder_version= »4.20.4&Prime; header_font= »Rns Sanz|700||||||| » header_text_color= »#ad521b » header_font_size= »26px » body_font= »Rns Sanz|||||||| » body_font_size= »16px » body_line_height= »2em » background_color= »#ffffff » background_color_gradient_direction= »-60deg » custom_margin= »|| » custom_padding= »30px|30px|30px|30px|true|true » animation= »off » header_font_size_tablet= » » header_font_size_phone= »21px » header_font_size_last_edited= »on|phone » body_font_size_tablet= » » body_font_size_phone= »14px » body_font_size_last_edited= »on|phone » body_line_height_tablet= » » body_line_height_phone= »1.8em » body_line_height_last_edited= »on|phone » border_radii= »on|6px|6px|6px|6px » box_shadow_style= »preset6&Prime; box_shadow_blur= »0px » box_shadow_spread= »2px » box_shadow_color= »rgba(0,0,0,0.1) » image_max_width= »90px » image_max_width_tablet= » » image_max_width_phone= »60px » image_max_width_last_edited= »on|phone » locked= »off » global_colors_info= »{} »]</p>
<p>Riches en fibres, ne sont même plus considérées comme des déchets. Elles sont de plus en plus souvent incorporées dans différents aliments fonctionnels.<br />Elles permettent d&rsquo;obtenir des excipients pour les produits vétérinaires.</p>
<p>[/et_pb_blurb][/et_pb_column][et_pb_column type= »1_2&Prime; _builder_version= »4.16&Prime; custom_padding= »||| » global_colors_info= »{} » custom_padding__hover= »||| »][et_pb_image src= »https://sustainablealmond.eu/wp-content/uploads/2023/04/economia_circular.png » title_text= »economia_circular » align= »right » _builder_version= »4.20.4&Prime; width_tablet= »300px » width_phone= »60% » width_last_edited= »on|tablet » custom_margin= »||| » always_center_on_mobile= »off » global_colors_info= »{} »][/et_pb_image][/et_pb_column][/et_pb_row][/et_pb_section]</p>

<p>Économie circulaireLe secteur de l&rsquo;amande ibérique tire également parti des sous-produits qu&rsquo;il génère avec succès, ce qui est essentiel pour minimiser les déchets et promouvoir l&rsquo;économie circulaire. Les usages de ces sous-produits sont très variés.Un produit idéal pour la production d&rsquo;énergie à partir de la biomasse et l&rsquo;un des déchets agro-industriels les plus utilisés, selon [&hellip;]</p>
