{"id":243101,"date":"2023-04-26T14:16:34","date_gmt":"2023-04-26T14:16:34","guid":{"rendered":"https:\/\/sustainablealmond.eu\/criterios-de-referencia-na-producao-biologica\/"},"modified":"2023-07-05T10:00:51","modified_gmt":"2023-07-05T10:00:51","slug":"criterios-de-referencia-na-producao-biologica","status":"publish","type":"page","link":"https:\/\/sustainablealmond.eu\/pt-pt\/criterios-de-referencia-na-producao-biologica\/","title":{"rendered":"Crit\u00e9rios de refer\u00eancia na produ\u00e7\u00e3o biol\u00f3gica"},"content":{"rendered":"<p>[et_pb_section fb_built=&#8221;1&#8243; custom_padding_last_edited=&#8221;on|tablet&#8221; admin_label=&#8221;Testimonials&#8221; _builder_version=&#8221;4.20.4&#8243; background_image=&#8221;https:\/\/sustainablealmond.eu\/wp-content\/uploads\/2023\/04\/left.jpg&#8221; background_size=&#8221;initial&#8221; custom_padding=&#8221;29px||29px||true|&#8221; custom_padding_tablet=&#8221;0px||0px||true&#8221; custom_padding_phone=&#8221;&#8221; global_colors_info=&#8221;{}&#8221;][et_pb_row _builder_version=&#8221;4.16&#8243; global_colors_info=&#8221;{}&#8221;][et_pb_column type=&#8221;4_4&#8243; _builder_version=&#8221;4.16&#8243; custom_padding=&#8221;|||&#8221; global_colors_info=&#8221;{}&#8221; custom_padding__hover=&#8221;|||&#8221;][et_pb_text _builder_version=&#8221;4.20.4&#8243; text_font=&#8221;||||||||&#8221; header_font=&#8221;Rns Sanz||||||||&#8221; header_text_color=&#8221;#ad521b&#8221; header_font_size=&#8221;60px&#8221; header_2_font=&#8221;Rns Sanz|700|||||||&#8221; header_2_text_color=&#8221;#ad521b&#8221; header_2_font_size=&#8221;50px&#8221; text_orientation=&#8221;center&#8221; max_width=&#8221;800px&#8221; module_alignment=&#8221;center&#8221; header_font_size_tablet=&#8221;40px&#8221; header_font_size_phone=&#8221;34px&#8221; header_font_size_last_edited=&#8221;on|desktop&#8221; header_2_font_size_tablet=&#8221;36px&#8221; header_2_font_size_phone=&#8221;28px&#8221; header_2_font_size_last_edited=&#8221;on|phone&#8221; header_2_letter_spacing_tablet=&#8221;0px&#8221; header_2_letter_spacing_phone=&#8221;0px&#8221; header_2_letter_spacing_last_edited=&#8221;off|tablet&#8221; locked=&#8221;off&#8221; global_colors_info=&#8221;{}&#8221;]<\/p>\n<h1>Crit\u00e9rios de refer\u00eancia na produ\u00e7\u00e3o biol\u00f3gica<\/h1>\n<p>[\/et_pb_text][\/et_pb_column][\/et_pb_row][et_pb_row _builder_version=&#8221;4.16&#8243; background_color=&#8221;rgba(252,250,247,0.9)&#8221; global_colors_info=&#8221;{}&#8221;][et_pb_column type=&#8221;4_4&#8243; _builder_version=&#8221;4.16&#8243; custom_padding=&#8221;|||&#8221; global_colors_info=&#8221;{}&#8221; custom_padding__hover=&#8221;|||&#8221;][et_pb_slider arrows_custom_color=&#8221;#ad521b&#8221; dot_nav_custom_color=&#8221;#ad521b&#8221; _builder_version=&#8221;4.20.4&#8243; body_font=&#8221;Merriweather||||||||&#8221; body_font_size=&#8221;20px&#8221; body_line_height=&#8221;2em&#8221; background_color=&#8221;rgba(0,0,0,0)&#8221; custom_padding=&#8221;100px|||||&#8221; custom_padding_tablet=&#8221;20px||&#8221; custom_padding_phone=&#8221;&#8221; custom_padding_last_edited=&#8221;on|tablet&#8221; auto=&#8221;on&#8221; hover_enabled=&#8221;0&#8243; body_font_size_tablet=&#8221;&#8221; body_font_size_phone=&#8221;14px&#8221; body_font_size_last_edited=&#8221;on|phone&#8221; global_colors_info=&#8221;{}&#8221; sticky_enabled=&#8221;0&#8243;][et_pb_slide _builder_version=&#8221;4.20.4&#8243; body_font=&#8221;Rns Sanz||||||||&#8221; background_layout=&#8221;light&#8221; hover_enabled=&#8221;0&#8243; global_colors_info=&#8221;{}&#8221; sticky_transition=&#8221;on&#8221; sticky_enabled=&#8221;0&#8243;]<\/p>\n<p>Uma das vantagens competitivas do sector ib\u00e9rico \u00e9 o clima, possibilitando que muitas produ\u00e7\u00f5es (sobretudo a mais tradicional, de sequeiro) sejam certificadas como <strong>produtos biol\u00f3gicos.<\/strong><\/p>\n<p>[\/et_pb_slide][et_pb_slide _builder_version=&#8221;4.20.4&#8243; body_font=&#8221;Rns Sanz||||||||&#8221; background_layout=&#8221;light&#8221; hover_enabled=&#8221;0&#8243; global_colors_info=&#8221;{}&#8221; sticky_transition=&#8221;on&#8221; sticky_enabled=&#8221;0&#8243;]<\/p>\n<p><strong>Cerca de 21% da superf\u00edcie<\/strong> total de Espanha j\u00e1 est\u00e1 coberta. Adicionalmente, juntam-se cerca de 5 000 hectares em Portugal (dados do INE em 2019).<\/p>\n<p>[\/et_pb_slide][et_pb_slide _builder_version=&#8221;4.20.4&#8243; body_font=&#8221;Rns Sanz||||||||&#8221; background_layout=&#8221;light&#8221; hover_enabled=&#8221;0&#8243; global_colors_info=&#8221;{}&#8221; sticky_transition=&#8221;on&#8221; sticky_enabled=&#8221;0&#8243;]<\/p>\n<p><strong>Os Estados Unidos e a Austr\u00e1lia<\/strong> dedicam, <strong>pelo menos, 2%<\/strong> da superf\u00edcie cultivada \u00e0s amendoeiras, privilegiando as explora\u00e7\u00f5es superintensivas.<\/p>\n<p>[\/et_pb_slide][\/et_pb_slider][\/et_pb_column][\/et_pb_row][\/et_pb_section][et_pb_section fb_built=&#8221;1&#8243; admin_label=&#8221;About&#8221; _builder_version=&#8221;4.20.4&#8243; background_image=&#8221;https:\/\/sustainablealmond.eu\/wp-content\/uploads\/2023\/04\/right.jpg&#8221; background_size=&#8221;initial&#8221; background_position=&#8221;top_left&#8221; global_colors_info=&#8221;{}&#8221;][et_pb_row column_structure=&#8221;2_5,3_5&#8243; _builder_version=&#8221;4.20.4&#8243; custom_margin_tablet=&#8221;&#8221; custom_margin_phone=&#8221;-39px||||false|false&#8221; custom_margin_last_edited=&#8221;on|phone&#8221; global_colors_info=&#8221;{}&#8221;][et_pb_column type=&#8221;2_5&#8243; _builder_version=&#8221;4.16&#8243; custom_padding=&#8221;|||&#8221; global_colors_info=&#8221;{}&#8221; custom_padding__hover=&#8221;|||&#8221;][et_pb_image src=&#8221;https:\/\/sustainablealmond.eu\/wp-content\/uploads\/2023\/04\/almond_02.jpg&#8221; title_text=&#8221;almond_02&#8243; align_tablet=&#8221;center&#8221; align_phone=&#8221;&#8221; align_last_edited=&#8221;on|desktop&#8221; _builder_version=&#8221;4.20.4&#8243; transform_origin=&#8221;100%|0%&#8221; width_tablet=&#8221;50%&#8221; width_phone=&#8221;&#8221; width_last_edited=&#8221;on|tablet&#8221; custom_margin=&#8221;-98px|||-15vw|false|false&#8221; custom_margin_tablet=&#8221;0vw|||0vw&#8221; custom_margin_phone=&#8221;&#8221; custom_margin_last_edited=&#8221;on|phone&#8221; global_colors_info=&#8221;{}&#8221;][\/et_pb_image][\/et_pb_column][et_pb_column type=&#8221;3_5&#8243; _builder_version=&#8221;4.16&#8243; custom_padding=&#8221;|||&#8221; global_colors_info=&#8221;{}&#8221; custom_padding__hover=&#8221;|||&#8221;][et_pb_text _builder_version=&#8221;4.20.4&#8243; header_font=&#8221;||||||||&#8221; header_2_font=&#8221;Rns Sanz|700|||||||&#8221; header_2_text_color=&#8221;#ad521b&#8221; header_2_font_size=&#8221;30px&#8221; header_2_line_height=&#8221;1.2em&#8221; hover_enabled=&#8221;0&#8243; header_2_font_size_tablet=&#8221;26px&#8221; header_2_font_size_phone=&#8221;20px&#8221; header_2_font_size_last_edited=&#8221;on|desktop&#8221; header_2_letter_spacing_tablet=&#8221;0px&#8221; header_2_letter_spacing_phone=&#8221;0px&#8221; header_2_letter_spacing_last_edited=&#8221;off|tablet&#8221; global_colors_info=&#8221;{}&#8221; sticky_enabled=&#8221;0&#8243;]<\/p>\n<h2>Logo, a Pen\u00ednsula Ib\u00e9rica \u00e9 uma refer\u00eancia mundial em am\u00eandoa biol\u00f3gica.<\/h2>\n<p>[\/et_pb_text][et_pb_text _builder_version=&#8221;4.20.4&#8243; text_font=&#8221;Rns Sanz||||||||&#8221; text_letter_spacing=&#8221;0.5px&#8221; text_line_height=&#8221;1.5em&#8221; ul_line_height=&#8221;1.5em&#8221; transform_scale_tablet=&#8221;&#8221; transform_scale_phone=&#8221;&#8221; transform_scale_last_edited=&#8221;on|desktop&#8221; transform_translate_tablet=&#8221;&#8221; transform_translate_phone=&#8221;&#8221; transform_translate_last_edited=&#8221;on|desktop&#8221; transform_rotate_tablet=&#8221;&#8221; transform_rotate_phone=&#8221;&#8221; transform_rotate_last_edited=&#8221;on|desktop&#8221; transform_skew_tablet=&#8221;&#8221; transform_skew_phone=&#8221;&#8221; transform_skew_last_edited=&#8221;on|desktop&#8221; transform_origin_tablet=&#8221;&#8221; transform_origin_phone=&#8221;&#8221; transform_origin_last_edited=&#8221;on|desktop&#8221; transform_styles_last_edited=&#8221;on|desktop&#8221; hover_enabled=&#8221;0&#8243; text_font_size_tablet=&#8221;16px&#8221; text_font_size_phone=&#8221;14px&#8221; text_font_size_last_edited=&#8221;on|phone&#8221; text_letter_spacing_tablet=&#8221;&#8221; text_letter_spacing_phone=&#8221;0px&#8221; text_letter_spacing_last_edited=&#8221;on|tablet&#8221; transform_styles_tablet=&#8221;&#8221; transform_styles_phone=&#8221;&#8221; global_colors_info=&#8221;{}&#8221; sticky_enabled=&#8221;0&#8243;]<\/p>\n<p>N\u00e3o h\u00e1 d\u00favidas de que isto representa uma grande oportunidade para o futuro:<\/p>\n<ul>\n<li>\n<p>A procura deste tipo de produtos est\u00e1 a aumentar constantemente.<\/p>\n<\/li>\n<li>\n<p>O pre\u00e7o tamb\u00e9m \u00e9 mais elevado, uma vez que os consumidores est\u00e3o dispostos a pagar mais por um produto de qualidade e amigo do ambiente.<\/p>\n<\/li>\n<li>\n<p>O mercado mundial de alimentos biol\u00f3gicos ir\u00e1 triplicar at\u00e9 2030. Mais especificamente, de acordo com um estudo recente da empresa de consultoria Precedence Research. A taxa de crescimento anual \u00e9 de 12%, atingindo 497 mil milh\u00f5es de d\u00f3lares por ano.<\/p>\n<\/li>\n<\/ul>\n<p>Neste sentido, a SAB-Almendrave e o CNCFS est\u00e3o empenhados em incentivar esta transforma\u00e7\u00e3o na agricultura biol\u00f3gica entre os seus associados.<\/p>\n<p>[\/et_pb_text][\/et_pb_column][\/et_pb_row][\/et_pb_section]<\/p>\n","protected":false},"excerpt":{"rendered":"<p>Crit\u00e9rios de refer\u00eancia na produ\u00e7\u00e3o biol\u00f3gicaUma das vantagens competitivas do sector ib\u00e9rico \u00e9 o clima, possibilitando que muitas produ\u00e7\u00f5es (sobretudo a mais tradicional, de sequeiro) sejam certificadas como produtos biol\u00f3gicos.Cerca de 21% da superf\u00edcie total de Espanha j\u00e1 est\u00e1 coberta. Adicionalmente, juntam-se cerca de 5 000 hectares em Portugal (dados do INE em 2019).Os Estados [&hellip;]<\/p>\n","protected":false},"author":1,"featured_media":0,"parent":0,"menu_order":0,"comment_status":"closed","ping_status":"closed","template":"","meta":{"_et_pb_use_builder":"on","_et_pb_old_content":"","_et_gb_content_width":"","footnotes":""},"class_list":["post-243101","page","type-page","status-publish","hentry"],"_links":{"self":[{"href":"https:\/\/sustainablealmond.eu\/pt-pt\/wp-json\/wp\/v2\/pages\/243101"}],"collection":[{"href":"https:\/\/sustainablealmond.eu\/pt-pt\/wp-json\/wp\/v2\/pages"}],"about":[{"href":"https:\/\/sustainablealmond.eu\/pt-pt\/wp-json\/wp\/v2\/types\/page"}],"author":[{"embeddable":true,"href":"https:\/\/sustainablealmond.eu\/pt-pt\/wp-json\/wp\/v2\/users\/1"}],"replies":[{"embeddable":true,"href":"https:\/\/sustainablealmond.eu\/pt-pt\/wp-json\/wp\/v2\/comments?post=243101"}],"version-history":[{"count":5,"href":"https:\/\/sustainablealmond.eu\/pt-pt\/wp-json\/wp\/v2\/pages\/243101\/revisions"}],"predecessor-version":[{"id":243106,"href":"https:\/\/sustainablealmond.eu\/pt-pt\/wp-json\/wp\/v2\/pages\/243101\/revisions\/243106"}],"wp:attachment":[{"href":"https:\/\/sustainablealmond.eu\/pt-pt\/wp-json\/wp\/v2\/media?parent=243101"}],"curies":[{"name":"wp","href":"https:\/\/api.w.org\/{rel}","templated":true}]}}

Critérios de referência na produção biológica

<p>[et_pb_section fb_built=&#8221;1&#8243; custom_padding_last_edited=&#8221;on|tablet&#8221; admin_label=&#8221;Testimonials&#8221; _builder_version=&#8221;4.20.4&#8243; background_image=&#8221;https://sustainablealmond.eu/wp-content/uploads/2023/04/left.jpg&#8221; background_size=&#8221;initial&#8221; custom_padding=&#8221;29px||29px||true|&#8221; custom_padding_tablet=&#8221;0px||0px||true&#8221; custom_padding_phone=&#8221;&#8221; global_colors_info=&#8221;{}&#8221;][et_pb_row _builder_version=&#8221;4.16&#8243; global_colors_info=&#8221;{}&#8221;][et_pb_column type=&#8221;4_4&#8243; _builder_version=&#8221;4.16&#8243; custom_padding=&#8221;|||&#8221; global_colors_info=&#8221;{}&#8221; custom_padding__hover=&#8221;|||&#8221;][et_pb_text _builder_version=&#8221;4.20.4&#8243; text_font=&#8221;||||||||&#8221; header_font=&#8221;Rns Sanz||||||||&#8221; header_text_color=&#8221;#ad521b&#8221; header_font_size=&#8221;60px&#8221; header_2_font=&#8221;Rns Sanz|700|||||||&#8221; header_2_text_color=&#8221;#ad521b&#8221; header_2_font_size=&#8221;50px&#8221; text_orientation=&#8221;center&#8221; max_width=&#8221;800px&#8221; module_alignment=&#8221;center&#8221; header_font_size_tablet=&#8221;40px&#8221; header_font_size_phone=&#8221;34px&#8221; header_font_size_last_edited=&#8221;on|desktop&#8221; header_2_font_size_tablet=&#8221;36px&#8221; header_2_font_size_phone=&#8221;28px&#8221; header_2_font_size_last_edited=&#8221;on|phone&#8221; header_2_letter_spacing_tablet=&#8221;0px&#8221; header_2_letter_spacing_phone=&#8221;0px&#8221; header_2_letter_spacing_last_edited=&#8221;off|tablet&#8221; locked=&#8221;off&#8221; global_colors_info=&#8221;{}&#8221;]</p>
<h1>Critérios de referência na produção biológica</h1>
<p>[/et_pb_text][/et_pb_column][/et_pb_row][et_pb_row _builder_version=&#8221;4.16&#8243; background_color=&#8221;rgba(252,250,247,0.9)&#8221; global_colors_info=&#8221;{}&#8221;][et_pb_column type=&#8221;4_4&#8243; _builder_version=&#8221;4.16&#8243; custom_padding=&#8221;|||&#8221; global_colors_info=&#8221;{}&#8221; custom_padding__hover=&#8221;|||&#8221;][et_pb_slider arrows_custom_color=&#8221;#ad521b&#8221; dot_nav_custom_color=&#8221;#ad521b&#8221; _builder_version=&#8221;4.20.4&#8243; body_font=&#8221;Merriweather||||||||&#8221; body_font_size=&#8221;20px&#8221; body_line_height=&#8221;2em&#8221; background_color=&#8221;rgba(0,0,0,0)&#8221; custom_padding=&#8221;100px|||||&#8221; custom_padding_tablet=&#8221;20px||&#8221; custom_padding_phone=&#8221;&#8221; custom_padding_last_edited=&#8221;on|tablet&#8221; auto=&#8221;on&#8221; hover_enabled=&#8221;0&#8243; body_font_size_tablet=&#8221;&#8221; body_font_size_phone=&#8221;14px&#8221; body_font_size_last_edited=&#8221;on|phone&#8221; global_colors_info=&#8221;{}&#8221; sticky_enabled=&#8221;0&#8243;][et_pb_slide _builder_version=&#8221;4.20.4&#8243; body_font=&#8221;Rns Sanz||||||||&#8221; background_layout=&#8221;light&#8221; hover_enabled=&#8221;0&#8243; global_colors_info=&#8221;{}&#8221; sticky_transition=&#8221;on&#8221; sticky_enabled=&#8221;0&#8243;]</p>
<p>Uma das vantagens competitivas do sector ibérico é o clima, possibilitando que muitas produções (sobretudo a mais tradicional, de sequeiro) sejam certificadas como <strong>produtos biológicos.</strong></p>
<p>[/et_pb_slide][et_pb_slide _builder_version=&#8221;4.20.4&#8243; body_font=&#8221;Rns Sanz||||||||&#8221; background_layout=&#8221;light&#8221; hover_enabled=&#8221;0&#8243; global_colors_info=&#8221;{}&#8221; sticky_transition=&#8221;on&#8221; sticky_enabled=&#8221;0&#8243;]</p>
<p><strong>Cerca de 21% da superfície</strong> total de Espanha já está coberta. Adicionalmente, juntam-se cerca de 5 000 hectares em Portugal (dados do INE em 2019).</p>
<p>[/et_pb_slide][et_pb_slide _builder_version=&#8221;4.20.4&#8243; body_font=&#8221;Rns Sanz||||||||&#8221; background_layout=&#8221;light&#8221; hover_enabled=&#8221;0&#8243; global_colors_info=&#8221;{}&#8221; sticky_transition=&#8221;on&#8221; sticky_enabled=&#8221;0&#8243;]</p>
<p><strong>Os Estados Unidos e a Austrália</strong> dedicam, <strong>pelo menos, 2%</strong> da superfície cultivada às amendoeiras, privilegiando as explorações superintensivas.</p>
<p>[/et_pb_slide][/et_pb_slider][/et_pb_column][/et_pb_row][/et_pb_section][et_pb_section fb_built=&#8221;1&#8243; admin_label=&#8221;About&#8221; _builder_version=&#8221;4.20.4&#8243; background_image=&#8221;https://sustainablealmond.eu/wp-content/uploads/2023/04/right.jpg&#8221; background_size=&#8221;initial&#8221; background_position=&#8221;top_left&#8221; global_colors_info=&#8221;{}&#8221;][et_pb_row column_structure=&#8221;2_5,3_5&#8243; _builder_version=&#8221;4.20.4&#8243; custom_margin_tablet=&#8221;&#8221; custom_margin_phone=&#8221;-39px||||false|false&#8221; custom_margin_last_edited=&#8221;on|phone&#8221; global_colors_info=&#8221;{}&#8221;][et_pb_column type=&#8221;2_5&#8243; _builder_version=&#8221;4.16&#8243; custom_padding=&#8221;|||&#8221; global_colors_info=&#8221;{}&#8221; custom_padding__hover=&#8221;|||&#8221;][et_pb_image src=&#8221;https://sustainablealmond.eu/wp-content/uploads/2023/04/almond_02.jpg&#8221; title_text=&#8221;almond_02&#8243; align_tablet=&#8221;center&#8221; align_phone=&#8221;&#8221; align_last_edited=&#8221;on|desktop&#8221; _builder_version=&#8221;4.20.4&#8243; transform_origin=&#8221;100%|0%&#8221; width_tablet=&#8221;50%&#8221; width_phone=&#8221;&#8221; width_last_edited=&#8221;on|tablet&#8221; custom_margin=&#8221;-98px|||-15vw|false|false&#8221; custom_margin_tablet=&#8221;0vw|||0vw&#8221; custom_margin_phone=&#8221;&#8221; custom_margin_last_edited=&#8221;on|phone&#8221; global_colors_info=&#8221;{}&#8221;][/et_pb_image][/et_pb_column][et_pb_column type=&#8221;3_5&#8243; _builder_version=&#8221;4.16&#8243; custom_padding=&#8221;|||&#8221; global_colors_info=&#8221;{}&#8221; custom_padding__hover=&#8221;|||&#8221;][et_pb_text _builder_version=&#8221;4.20.4&#8243; header_font=&#8221;||||||||&#8221; header_2_font=&#8221;Rns Sanz|700|||||||&#8221; header_2_text_color=&#8221;#ad521b&#8221; header_2_font_size=&#8221;30px&#8221; header_2_line_height=&#8221;1.2em&#8221; hover_enabled=&#8221;0&#8243; header_2_font_size_tablet=&#8221;26px&#8221; header_2_font_size_phone=&#8221;20px&#8221; header_2_font_size_last_edited=&#8221;on|desktop&#8221; header_2_letter_spacing_tablet=&#8221;0px&#8221; header_2_letter_spacing_phone=&#8221;0px&#8221; header_2_letter_spacing_last_edited=&#8221;off|tablet&#8221; global_colors_info=&#8221;{}&#8221; sticky_enabled=&#8221;0&#8243;]</p>
<h2>Logo, a Península Ibérica é uma referência mundial em amêndoa biológica.</h2>
<p>[/et_pb_text][et_pb_text _builder_version=&#8221;4.20.4&#8243; text_font=&#8221;Rns Sanz||||||||&#8221; text_letter_spacing=&#8221;0.5px&#8221; text_line_height=&#8221;1.5em&#8221; ul_line_height=&#8221;1.5em&#8221; transform_scale_tablet=&#8221;&#8221; transform_scale_phone=&#8221;&#8221; transform_scale_last_edited=&#8221;on|desktop&#8221; transform_translate_tablet=&#8221;&#8221; transform_translate_phone=&#8221;&#8221; transform_translate_last_edited=&#8221;on|desktop&#8221; transform_rotate_tablet=&#8221;&#8221; transform_rotate_phone=&#8221;&#8221; transform_rotate_last_edited=&#8221;on|desktop&#8221; transform_skew_tablet=&#8221;&#8221; transform_skew_phone=&#8221;&#8221; transform_skew_last_edited=&#8221;on|desktop&#8221; transform_origin_tablet=&#8221;&#8221; transform_origin_phone=&#8221;&#8221; transform_origin_last_edited=&#8221;on|desktop&#8221; transform_styles_last_edited=&#8221;on|desktop&#8221; hover_enabled=&#8221;0&#8243; text_font_size_tablet=&#8221;16px&#8221; text_font_size_phone=&#8221;14px&#8221; text_font_size_last_edited=&#8221;on|phone&#8221; text_letter_spacing_tablet=&#8221;&#8221; text_letter_spacing_phone=&#8221;0px&#8221; text_letter_spacing_last_edited=&#8221;on|tablet&#8221; transform_styles_tablet=&#8221;&#8221; transform_styles_phone=&#8221;&#8221; global_colors_info=&#8221;{}&#8221; sticky_enabled=&#8221;0&#8243;]</p>
<p>Não há dúvidas de que isto representa uma grande oportunidade para o futuro:</p>
<ul>
<li>
<p>A procura deste tipo de produtos está a aumentar constantemente.</p>
</li>
<li>
<p>O preço também é mais elevado, uma vez que os consumidores estão dispostos a pagar mais por um produto de qualidade e amigo do ambiente.</p>
</li>
<li>
<p>O mercado mundial de alimentos biológicos irá triplicar até 2030. Mais especificamente, de acordo com um estudo recente da empresa de consultoria Precedence Research. A taxa de crescimento anual é de 12%, atingindo 497 mil milhões de dólares por ano.</p>
</li>
</ul>
<p>Neste sentido, a SAB-Almendrave e o CNCFS estão empenhados em incentivar esta transformação na agricultura biológica entre os seus associados.</p>
<p>[/et_pb_text][/et_pb_column][/et_pb_row][/et_pb_section]</p>

<p>Critérios de referência na produção biológicaUma das vantagens competitivas do sector ibérico é o clima, possibilitando que muitas produções (sobretudo a mais tradicional, de sequeiro) sejam certificadas como produtos biológicos.Cerca de 21% da superfície total de Espanha já está coberta. Adicionalmente, juntam-se cerca de 5 000 hectares em Portugal (dados do INE em 2019).Os Estados [&hellip;]</p>
