{"id":243124,"date":"2023-04-26T16:07:01","date_gmt":"2023-04-26T16:07:01","guid":{"rendered":"https:\/\/sustainablealmond.eu\/modelo-de-producao-europeu\/"},"modified":"2023-07-05T10:00:51","modified_gmt":"2023-07-05T10:00:51","slug":"modelo-de-producao-europeu","status":"publish","type":"page","link":"https:\/\/sustainablealmond.eu\/pt-pt\/modelo-de-producao-europeu\/","title":{"rendered":"Modelo de produ\u00e7\u00e3o europeu"},"content":{"rendered":"<p>[et_pb_section fb_built=&#8221;1&#8243; admin_label=&#8221;About&#8221; _builder_version=&#8221;4.20.4&#8243; background_image=&#8221;https:\/\/sustainablealmond.eu\/wp-content\/uploads\/2023\/04\/right.jpg&#8221; background_size=&#8221;initial&#8221; background_position=&#8221;bottom_center&#8221; global_colors_info=&#8221;{}&#8221;][et_pb_row column_structure=&#8221;2_5,3_5&#8243; _builder_version=&#8221;4.16&#8243; global_colors_info=&#8221;{}&#8221;][et_pb_column type=&#8221;2_5&#8243; _builder_version=&#8221;4.16&#8243; custom_padding=&#8221;|||&#8221; global_colors_info=&#8221;{}&#8221; custom_padding__hover=&#8221;|||&#8221;][et_pb_image src=&#8221;https:\/\/sustainablealmond.eu\/wp-content\/uploads\/2023\/04\/almond_02.jpg&#8221; title_text=&#8221;almond_02&#8243; align_tablet=&#8221;center&#8221; align_phone=&#8221;&#8221; align_last_edited=&#8221;on|desktop&#8221; _builder_version=&#8221;4.20.4&#8243; transform_origin=&#8221;100%|0%&#8221; width_tablet=&#8221;50%&#8221; width_phone=&#8221;&#8221; width_last_edited=&#8221;on|tablet&#8221; custom_margin=&#8221;4vw|||-15vw|false|false&#8221; custom_margin_tablet=&#8221;0vw|||0vw&#8221; custom_margin_phone=&#8221;&#8221; custom_margin_last_edited=&#8221;on|tablet&#8221; global_colors_info=&#8221;{}&#8221;][\/et_pb_image][\/et_pb_column][et_pb_column type=&#8221;3_5&#8243; _builder_version=&#8221;4.16&#8243; custom_padding=&#8221;|||&#8221; global_colors_info=&#8221;{}&#8221; custom_padding__hover=&#8221;|||&#8221;][et_pb_text _builder_version=&#8221;4.20.4&#8243; header_font=&#8221;Rns Sanz||||||||&#8221; header_font_size=&#8221;60px&#8221; header_2_font=&#8221;Cormorant Garamond|700|||||||&#8221; header_2_text_color=&#8221;#002855&#8243; header_2_font_size=&#8221;50px&#8221; header_2_line_height=&#8221;1.2em&#8221; header_font_size_tablet=&#8221;40px&#8221; header_font_size_phone=&#8221;34px&#8221; header_font_size_last_edited=&#8221;on|desktop&#8221; header_2_font_size_tablet=&#8221;36px&#8221; header_2_font_size_phone=&#8221;28px&#8221; header_2_font_size_last_edited=&#8221;on|phone&#8221; header_2_letter_spacing_tablet=&#8221;0px&#8221; header_2_letter_spacing_phone=&#8221;0px&#8221; header_2_letter_spacing_last_edited=&#8221;off|tablet&#8221; global_colors_info=&#8221;{}&#8221;]<\/p>\n<h1>Modelo de produ\u00e7\u00e3o europeu<\/h1>\n<p>[\/et_pb_text][et_pb_text _builder_version=&#8221;4.20.4&#8243; text_font=&#8221;Rns Sanz|500|||||||&#8221; text_letter_spacing=&#8221;0.5px&#8221; text_line_height=&#8221;2em&#8221; transform_scale_tablet=&#8221;&#8221; transform_scale_phone=&#8221;&#8221; transform_scale_last_edited=&#8221;on|desktop&#8221; transform_translate_tablet=&#8221;&#8221; transform_translate_phone=&#8221;&#8221; transform_translate_last_edited=&#8221;on|desktop&#8221; transform_rotate_tablet=&#8221;&#8221; transform_rotate_phone=&#8221;&#8221; transform_rotate_last_edited=&#8221;on|desktop&#8221; transform_skew_tablet=&#8221;&#8221; transform_skew_phone=&#8221;&#8221; transform_skew_last_edited=&#8221;on|desktop&#8221; transform_origin_tablet=&#8221;&#8221; transform_origin_phone=&#8221;&#8221; transform_origin_last_edited=&#8221;on|desktop&#8221; transform_styles_last_edited=&#8221;on|desktop&#8221; hover_enabled=&#8221;0&#8243; text_font_size_tablet=&#8221;16px&#8221; text_font_size_phone=&#8221;14px&#8221; text_font_size_last_edited=&#8221;on|phone&#8221; text_letter_spacing_tablet=&#8221;&#8221; text_letter_spacing_phone=&#8221;0px&#8221; text_letter_spacing_last_edited=&#8221;on|tablet&#8221; transform_styles_tablet=&#8221;&#8221; transform_styles_phone=&#8221;&#8221; global_colors_info=&#8221;{}&#8221; sticky_enabled=&#8221;0&#8243;]<\/p>\n<p>Para al\u00e9m do que foi referido, \u00e9 de salientar que a am\u00eandoa ib\u00e9rica se insere no <strong>modelo de produ\u00e7\u00e3o mais exigente <\/strong>do mundo em termos de sustentabilidade ambiental, seguran\u00e7a e qualidade alimentar: o modelo europeu.<\/p>\n<p>Assim, tem de cumprir requisitos muito rigorosos em termos de pr\u00e1ticas agr\u00edcolas e de utiliza\u00e7\u00e3o de produtos fitofarmac\u00eauticos, entre outros.<\/p>\n<p>Em termos de seguran\u00e7a alimentar, a SAB-Almendrave e o CNCFS cumprem um protocolo mundial de seguran\u00e7a alimentar, operando sob um <strong>sistema de An\u00e1lise de Perigos e Pontos Cr\u00edticos de Controlo (APPCC).<\/strong> Para o efeito, disp\u00f5em de laborat\u00f3rios pr\u00f3prios, totalmente equipados e especializados na realiza\u00e7\u00e3o de todo o tipo de an\u00e1lises, em conformidade com a regulamenta\u00e7\u00e3o em vigor, a fim de garantir a m\u00e1xima qualidade poss\u00edvel.<\/p>\n<p>Para al\u00e9m disso, a SAB-Almendrave aderiu ao <strong>C\u00f3digo de Conduta sobre Pr\u00e1ticas Respons\u00e1veis de Comercializa\u00e7\u00e3o,<\/strong> que constitui um instrumento fundamental da estrat\u00e9gia da Comiss\u00e3o Europeia \u00abDo Prado ao Prato\u00bb. Neste contexto, incentiva os membros a implementar a\u00e7\u00f5es de sustentabilidade e pr\u00e1ticas empresariais com objetivos ambiciosos.<\/p>\n<p>E, num esfor\u00e7o de inova\u00e7\u00e3o, esta organiza\u00e7\u00e3o \u00e9 tamb\u00e9m um membro representativo de uma opera\u00e7\u00e3o focada na<strong> Dete\u00e7\u00e3o e Erradica\u00e7\u00e3o da Am\u00eandoa Amarga.<\/strong> Um projeto que visa desenvolver sistemas capazes de detetar e eliminar am\u00eandoas amargas em remessas doces atrav\u00e9s da tecnologia, sem utilizar agentes qu\u00edmicos perigosos nem gerar res\u00edduos t\u00f3xicos.<\/p>\n<p>[\/et_pb_text][\/et_pb_column][\/et_pb_row][\/et_pb_section]<\/p>\n","protected":false},"excerpt":{"rendered":"<p>Modelo de produ\u00e7\u00e3o europeuPara al\u00e9m do que foi referido, \u00e9 de salientar que a am\u00eandoa ib\u00e9rica se insere no modelo de produ\u00e7\u00e3o mais exigente do mundo em termos de sustentabilidade ambiental, seguran\u00e7a e qualidade alimentar: o modelo europeu. Assim, tem de cumprir requisitos muito rigorosos em termos de pr\u00e1ticas agr\u00edcolas e de utiliza\u00e7\u00e3o de produtos [&hellip;]<\/p>\n","protected":false},"author":1,"featured_media":0,"parent":0,"menu_order":0,"comment_status":"closed","ping_status":"closed","template":"","meta":{"_et_pb_use_builder":"on","_et_pb_old_content":"","_et_gb_content_width":"","footnotes":""},"class_list":["post-243124","page","type-page","status-publish","hentry"],"_links":{"self":[{"href":"https:\/\/sustainablealmond.eu\/pt-pt\/wp-json\/wp\/v2\/pages\/243124"}],"collection":[{"href":"https:\/\/sustainablealmond.eu\/pt-pt\/wp-json\/wp\/v2\/pages"}],"about":[{"href":"https:\/\/sustainablealmond.eu\/pt-pt\/wp-json\/wp\/v2\/types\/page"}],"author":[{"embeddable":true,"href":"https:\/\/sustainablealmond.eu\/pt-pt\/wp-json\/wp\/v2\/users\/1"}],"replies":[{"embeddable":true,"href":"https:\/\/sustainablealmond.eu\/pt-pt\/wp-json\/wp\/v2\/comments?post=243124"}],"version-history":[{"count":7,"href":"https:\/\/sustainablealmond.eu\/pt-pt\/wp-json\/wp\/v2\/pages\/243124\/revisions"}],"predecessor-version":[{"id":243143,"href":"https:\/\/sustainablealmond.eu\/pt-pt\/wp-json\/wp\/v2\/pages\/243124\/revisions\/243143"}],"wp:attachment":[{"href":"https:\/\/sustainablealmond.eu\/pt-pt\/wp-json\/wp\/v2\/media?parent=243124"}],"curies":[{"name":"wp","href":"https:\/\/api.w.org\/{rel}","templated":true}]}}

Modelo de produção europeu

<p>[et_pb_section fb_built=&#8221;1&#8243; admin_label=&#8221;About&#8221; _builder_version=&#8221;4.20.4&#8243; background_image=&#8221;https://sustainablealmond.eu/wp-content/uploads/2023/04/right.jpg&#8221; background_size=&#8221;initial&#8221; background_position=&#8221;bottom_center&#8221; global_colors_info=&#8221;{}&#8221;][et_pb_row column_structure=&#8221;2_5,3_5&#8243; _builder_version=&#8221;4.16&#8243; global_colors_info=&#8221;{}&#8221;][et_pb_column type=&#8221;2_5&#8243; _builder_version=&#8221;4.16&#8243; custom_padding=&#8221;|||&#8221; global_colors_info=&#8221;{}&#8221; custom_padding__hover=&#8221;|||&#8221;][et_pb_image src=&#8221;https://sustainablealmond.eu/wp-content/uploads/2023/04/almond_02.jpg&#8221; title_text=&#8221;almond_02&#8243; align_tablet=&#8221;center&#8221; align_phone=&#8221;&#8221; align_last_edited=&#8221;on|desktop&#8221; _builder_version=&#8221;4.20.4&#8243; transform_origin=&#8221;100%|0%&#8221; width_tablet=&#8221;50%&#8221; width_phone=&#8221;&#8221; width_last_edited=&#8221;on|tablet&#8221; custom_margin=&#8221;4vw|||-15vw|false|false&#8221; custom_margin_tablet=&#8221;0vw|||0vw&#8221; custom_margin_phone=&#8221;&#8221; custom_margin_last_edited=&#8221;on|tablet&#8221; global_colors_info=&#8221;{}&#8221;][/et_pb_image][/et_pb_column][et_pb_column type=&#8221;3_5&#8243; _builder_version=&#8221;4.16&#8243; custom_padding=&#8221;|||&#8221; global_colors_info=&#8221;{}&#8221; custom_padding__hover=&#8221;|||&#8221;][et_pb_text _builder_version=&#8221;4.20.4&#8243; header_font=&#8221;Rns Sanz||||||||&#8221; header_font_size=&#8221;60px&#8221; header_2_font=&#8221;Cormorant Garamond|700|||||||&#8221; header_2_text_color=&#8221;#002855&#8243; header_2_font_size=&#8221;50px&#8221; header_2_line_height=&#8221;1.2em&#8221; header_font_size_tablet=&#8221;40px&#8221; header_font_size_phone=&#8221;34px&#8221; header_font_size_last_edited=&#8221;on|desktop&#8221; header_2_font_size_tablet=&#8221;36px&#8221; header_2_font_size_phone=&#8221;28px&#8221; header_2_font_size_last_edited=&#8221;on|phone&#8221; header_2_letter_spacing_tablet=&#8221;0px&#8221; header_2_letter_spacing_phone=&#8221;0px&#8221; header_2_letter_spacing_last_edited=&#8221;off|tablet&#8221; global_colors_info=&#8221;{}&#8221;]</p>
<h1>Modelo de produção europeu</h1>
<p>[/et_pb_text][et_pb_text _builder_version=&#8221;4.20.4&#8243; text_font=&#8221;Rns Sanz|500|||||||&#8221; text_letter_spacing=&#8221;0.5px&#8221; text_line_height=&#8221;2em&#8221; transform_scale_tablet=&#8221;&#8221; transform_scale_phone=&#8221;&#8221; transform_scale_last_edited=&#8221;on|desktop&#8221; transform_translate_tablet=&#8221;&#8221; transform_translate_phone=&#8221;&#8221; transform_translate_last_edited=&#8221;on|desktop&#8221; transform_rotate_tablet=&#8221;&#8221; transform_rotate_phone=&#8221;&#8221; transform_rotate_last_edited=&#8221;on|desktop&#8221; transform_skew_tablet=&#8221;&#8221; transform_skew_phone=&#8221;&#8221; transform_skew_last_edited=&#8221;on|desktop&#8221; transform_origin_tablet=&#8221;&#8221; transform_origin_phone=&#8221;&#8221; transform_origin_last_edited=&#8221;on|desktop&#8221; transform_styles_last_edited=&#8221;on|desktop&#8221; hover_enabled=&#8221;0&#8243; text_font_size_tablet=&#8221;16px&#8221; text_font_size_phone=&#8221;14px&#8221; text_font_size_last_edited=&#8221;on|phone&#8221; text_letter_spacing_tablet=&#8221;&#8221; text_letter_spacing_phone=&#8221;0px&#8221; text_letter_spacing_last_edited=&#8221;on|tablet&#8221; transform_styles_tablet=&#8221;&#8221; transform_styles_phone=&#8221;&#8221; global_colors_info=&#8221;{}&#8221; sticky_enabled=&#8221;0&#8243;]</p>
<p>Para além do que foi referido, é de salientar que a amêndoa ibérica se insere no <strong>modelo de produção mais exigente </strong>do mundo em termos de sustentabilidade ambiental, segurança e qualidade alimentar: o modelo europeu.</p>
<p>Assim, tem de cumprir requisitos muito rigorosos em termos de práticas agrícolas e de utilização de produtos fitofarmacêuticos, entre outros.</p>
<p>Em termos de segurança alimentar, a SAB-Almendrave e o CNCFS cumprem um protocolo mundial de segurança alimentar, operando sob um <strong>sistema de Análise de Perigos e Pontos Críticos de Controlo (APPCC).</strong> Para o efeito, dispõem de laboratórios próprios, totalmente equipados e especializados na realização de todo o tipo de análises, em conformidade com a regulamentação em vigor, a fim de garantir a máxima qualidade possível.</p>
<p>Para além disso, a SAB-Almendrave aderiu ao <strong>Código de Conduta sobre Práticas Responsáveis de Comercialização,</strong> que constitui um instrumento fundamental da estratégia da Comissão Europeia «Do Prado ao Prato». Neste contexto, incentiva os membros a implementar ações de sustentabilidade e práticas empresariais com objetivos ambiciosos.</p>
<p>E, num esforço de inovação, esta organização é também um membro representativo de uma operação focada na<strong> Deteção e Erradicação da Amêndoa Amarga.</strong> Um projeto que visa desenvolver sistemas capazes de detetar e eliminar amêndoas amargas em remessas doces através da tecnologia, sem utilizar agentes químicos perigosos nem gerar resíduos tóxicos.</p>
<p>[/et_pb_text][/et_pb_column][/et_pb_row][/et_pb_section]</p>

<p>Modelo de produção europeuPara além do que foi referido, é de salientar que a amêndoa ibérica se insere no modelo de produção mais exigente do mundo em termos de sustentabilidade ambiental, segurança e qualidade alimentar: o modelo europeu. Assim, tem de cumprir requisitos muito rigorosos em termos de práticas agrícolas e de utilização de produtos [&hellip;]</p>
